 = -h + 366. Suppose 120 = -5*u + h. Suppose 18 = 4*v - v. What is the highest common divisor of u and v?
6
Suppose -1 - 14 = -5*m. Suppose 9 = -r + 79. Let o = -37 + r. Calculate the highest common divisor of o and m.
3
Suppose 6*l - 78 - 258 = 0. Let s be (l/(-5))/((-8)/180). Calculate the greatest common factor of s and 28.
28
Let u be 15/(-12)*-28 - (1 - 1). What is the highest common divisor of 14 and u?
7
Let w(k) = 209*k - 762. Let f be w(4). What is the highest common divisor of f and 1813?
37
Let o = 3 + -4. Let u be o - (-4 + 6 + -16). Let k be ((-2)/(-1))/2*39. Calculate the highest common factor of k and u.
13
Let h(s) = -s**3 + 7*s**2 + 8*s + 3. Let y be h(8). Let v(i) = i**3 - 10*i**2 + 11*i + 6. Let l be v(9). Calculate the highest common divisor of y and l.
3
Suppose 8*g - 13*g = 0. Suppose g*z = 3*z - 6. What is the highest common factor of z and 2?
2
Let f(o) = -3*o + 33. Let q be f(13). Let p be ((-713)/69)/(1/q). What is the greatest common divisor of 62 and p?
62
Suppose s = -9*s + 50. Let d = 23 + s. Calculate the highest common factor of d and 14.
14
Let q be (-3)/(-6)*(0 + -46). Let g = q - -26. Suppose g*n + 48 = 9*n. What is the highest common divisor of n and 64?
8
Let s = 1315 - 604. Calculate the greatest common divisor of s and 9.
9
Suppose b - 2*f - 7 = 0, 3*f = -0 - 3. Let z be 1*-15*(2 - 12/b). What is the highest common factor of z and 6?
6
Suppose 2*q = -4, 5*q - 5 = -b - 2*b. Suppose 21 = b*z - 54. Let f = 30 - z. Calculate the highest common factor of 3 and f.
3
Suppose -2*b = 4*i - 4, 5*b = -2 - 8. Suppose t = 48 + i. What is the highest common factor of t and 75?
25
Let a(o) = 7*o**3 - 3*o**2 + 7*o + 4. Let r be a(3). What is the highest common divisor of 17 and r?
17
Let i be 24 + 2*(245/10)/(-7) + 3. Suppose -3*x = 3*o - 18 + 3, x - o - 5 = 0. What is the greatest common factor of i and x?
5
Suppose 3*x - 36 = -3*j, 0*j - 2*j + 6 = -4*x. Let g be 3 + (3 - 2)*j. Suppose 0 - g = -2*z. What is the greatest common factor of 30 and z?
6
Let t = -177 - -212. Calculate the highest common divisor of 315 and t.
35
Suppose 3*g + 2*h - 1 + 5 = 0, -4*h - 20 = 0. Suppose -5*k = 10, -k = g*r - 3*k - 68. Let w = 62 - r. What is the highest common factor of w and 210?
30
Let h(v) = v**2 - v - 47. Let k be h(-13). Calculate the greatest common factor of k and 315.
45
Let v(j) be the first derivative of 2*j**3/3 + 2*j**2 + 4*j + 37. Let i be 2/3 + 16/(-6). Let s be v(i). Calculate the highest common factor of s and 32.
4
Suppose -4*j + 123 = 23. Let s be 6/30 + 20/j. What is the greatest common factor of 1 and s?
1
Let c be (-20)/(-15)*6/4. Let w be ((13 - 4) + -5)*3/c. Calculate the highest common factor of 12 and w.
6
Let z(i) = 32*i + 547. Let p be z(38). Calculate the highest common divisor of 41 and p.
41
Suppose -17*o + 10315 - 1509 = 0. Calculate the greatest common factor of o and 74.
74
Let v(l) = -4*l + 31. Let m be v(-15). What is the greatest common factor of m and 26?
13
Let t = 44 + -18. Suppose c - 108 = -4*y, 2*c + 4*y - 232 + 20 = 0. Calculate the highest common factor of c and t.
26
Let h(q) = -2*q + 73. Let a be h(22). What is the greatest common divisor of a and 261?
29
Let n(w) = 2*w**3 - 15*w**2 + 14*w + 2. Let q be n(7). What is the greatest common divisor of 221 and q?
17
Suppose 9*s - 426 = 177. What is the greatest common factor of 536 and s?
67
Let q(i) = 2*i**2 + 45*i + 66. Let x be q(-21). What is the greatest common factor of x and 22?
1
Let k(q) = -q**3 + q**2 - q + 198. Let l be k(0). Let f(n) = 2*n**2 + 92*n - 378. Let o be f(4). What is the greatest common divisor of o and l?
22
Let a(y) = y**3 + 7*y**2 - 6*y - 7. Let p be a(-6). Suppose 3*h + 3 = 0, 4*h = -2*g + h + p. Let i = -98 - -149. What is the greatest common divisor of g and i?
17
Let k(z) = 2*z**3 - 2*z**2 + 2. Let d be k(2). Let m be 78/(-4) - (-1)/2. Let l = 69 + m. What is the greatest common divisor of l and d?
10
Let t be 30/4*4/6. Suppose q - 10 = -4*c, -q + 0 - t = -c. Let r = 3 + q. What is the highest common divisor of 3 and r?
1
Let z = -1858 - -1878. Calculate the highest common factor of z and 12.
4
Suppose 45 = -6*z - 117. Let r = 37 - z. What is the greatest common factor of r and 16?
16
Let j = 3 + -5. Let m = j + 4. Suppose 45 = g - q, -m*g + 2*q = -q - 93. Calculate the highest common factor of g and 28.
14
Suppose x + 2842 = 2*v, -v - 4*v + 7105 = 3*x. Calculate the highest common factor of v and 29.
29
Suppose 3*h - 4 = h. Suppose 2*j = 4*f - f - 10, 3*f + h*j = 26. Let a = 31 - f. Calculate the greatest common factor of a and 25.
25
Suppose 6*n - 2*n = -4*v + 12, 4*n = 5*v - 51. Suppose 3*w - 5 = l, -v*l - 5 = -4*l - 4*w. Calculate the greatest common divisor of l and 1.
1
Let r = 820 - 388. Calculate the highest common divisor of r and 16.
16
Let d = -119 + 149. What is the highest common divisor of d and 15?
15
Let b(l) = -4*l**3 + 1. Let t be b(-1). Suppose t - 49 = 4*p - 4*z, -2*p - 4*z - 28 = 0. Let w = 18 + p. Calculate the greatest common divisor of w and 42.
6
Let y be 4*(-1)/(4/7). Let k be 15 + (7/2)/y*-4. What is the greatest common factor of 187 and k?
17
Suppose 3*p - 34 + 13 = 0. Let t = -2 + p. Calculate the greatest common divisor of t and 5.
5
Suppose q + 24 = 3*q. Suppose -5*y = -4*a + 345, 0*a - 2*a = 4*y - 192. Let k = 6 + a. What is the greatest common divisor of q and k?
12
Let a be 2/10 - (2 - 18/10). Suppose 3*r = -4*h + 84, 5*h + a*r = -r + 94. What is the highest common divisor of 6 and h?
6
Let y(b) = -10*b**2 + 70*b - 32. Let q be y(6). Let p be 26 - (-1 - 1)/1. What is the greatest common divisor of q and p?
28
Suppose 7*b + 5355 = 22*b. What is the greatest common factor of 17 and b?
17
Let y(c) = 8*c**2 + 2*c - 1. Let h be y(-2). Let q = 112 - 100. Suppose 9 = -3*d + 7*d + b, -4*b = q. Calculate the highest common divisor of h and d.
3
Let o be -1 - ((-96)/6 + 4). What is the greatest common factor of 605 and o?
11
Suppose -5*p - 26 = -y, -3*y + 16 = -p - 34. Suppose 4*t - y = 12. Let s be 14/(-3)*(-21)/14. Calculate the highest common factor of t and s.
7
Suppose 2*r - 87 + 15 = 0. Let u = -144 - -234. What is the greatest common divisor of u and r?
18
Suppose -6*n - 4*y + 50 = -5*n, -4*y = -3*n + 70. Suppose -q - 1 = -3. Suppose -q*v - 8 + 20 = 0. Calculate the highest common divisor of n and v.
6
Let f be 1/(-2) + (-23)/2. Let n = 36 + -17. Let y = n + f. What is the greatest common factor of 49 and y?
7
Let b be (-12)/8*2/(-3)*3. Suppose -k + 0*k - b*x + 98 = 0, k + 2*x - 100 = 0. What is the highest common divisor of 26 and k?
26
Suppose -60 - 32 = 2*p. Let n = p - -58. What is the greatest common factor of n and 48?
12
Suppose 0 = 5*d + 2*q - 4119, 11*d + 2*q + 831 = 12*d. Calculate the greatest common factor of 33 and d.
33
Suppose 0 = 3*s - 13 - 17. Calculate the highest common divisor of s and 670.
10
Suppose 2*d - 134 = 4*x, 2*d = -3*d + 5*x + 310. Calculate the highest common factor of 95 and d.
19
Suppose -364 = -14*c - 70. Calculate the highest common factor of c and 42.
21
Let d = -10 + 16. Suppose x + 45 = d*x. Calculate the highest common divisor of x and 9.
9
Suppose 8*s - 9*s + 116 = 0. What is the highest common divisor of 203 and s?
29
Suppose -4*s = 4*b + 96, 5*b + s = -66 - 58. Let c = 37 + b. What is the highest common factor of c and 48?
12
Let b(z) = 11*z**3 + 3*z**2 - 9*z + 17. Let y be b(2). Suppose 3*s + 37 = 2*i - 0, -2*s = -i + 21. Calculate the greatest common factor of y and i.
11
Let q be (-360)/150*10/(-4). Suppose 0 = -3*c + 8*c. Suppose 5*s - 4*s - 66 = c. Calculate the highest common factor of s and q.
6
Suppose -3*c + 40 + 200 = 2*f, 0 = 4*c - 8. Calculate the greatest common divisor of 78 and f.
39
Let f = 19 + 119. Let u = f + -97. Calculate the greatest common divisor of 123 and u.
41
Suppose 0 = -2*u - 10 + 26. Let y be u/14 - (-66)/(-42). Let l be (-7)/(21/45)*y. What is the greatest common divisor of l and 165?
15
Let d be 4/(8 + -4)*3. Suppose d*w - 20 = -w. Calculate the highest common divisor of w and 1.
1
Let z be 46 + 1 - (-1 + 3). Let w be 2/15 - (-129)/z. Suppose -2*x - 2*b = -w*x + 18, -5*x + b = -117. What is the highest common divisor of 60 and x?
12
Suppose 0 = 4*v + 4*n - 736, 0*v + 4*n = 5*v - 884. Calculate the high